{"id":1395,"date":"2023-11-10T14:46:29","date_gmt":"2023-11-10T13:46:29","guid":{"rendered":"https:\/\/kindundspital.ch\/mentions-legales\/"},"modified":"2026-01-23T11:52:15","modified_gmt":"2026-01-23T10:52:15","slug":"mentions-legales","status":"publish","type":"page","link":"https:\/\/kindundspital.ch\/fr\/mentions-legales\/","title":{"rendered":"Mentions l\u00e9gales"},"content":{"rendered":"\n<p>Enfant+H\u00f4pital &#8211; Association pour les droits des enfants et des adolescents dans le domaine de la sant\u00e9<br\/>Secr\u00e9tariat<br\/>Steinhauserstrasse 51<br\/>6300 Zoug<\/p>\n\n<p>T +41 78 214 17 46<br\/><a href=\"https:\/\/www.kindundspital.ch\/impressum?mailto=aW5mb0BraW5kdW5kc3BpdGFsLmNo\">info@kindundspital.ch<\/a><\/p>\n","protected":false},"excerpt":{"rendered":"<p>Enfant+H\u00f4pital &#8211; Association pour les droits des enfants et des adolescents dans le domaine de la sant\u00e9Secr\u00e9tariatSteinhauserstrasse 516300 Zoug T +41 78 214 17 46info@kindundspital.ch<\/p>\n","protected":false},"author":1,"featured_media":0,"parent":0,"menu_order":210,"comment_status":"closed","ping_status":"closed","template":"","meta":{"_themeisle_gutenberg_block_has_review":false,"_kad_post_transparent":"","_kad_post_title":"show","_kad_post_layout":"","_kad_post_sidebar_id":"","_kad_post_content_style":"","_kad_post_vertical_padding":"","_kad_post_feature":"","_kad_post_feature_position":"","_kad_post_header":false,"_kad_post_footer":false,"_kad_post_classname":"","footnotes":""},"class_list":["post-1395","page","type-page","status-publish","hentry"],"_links":{"self":[{"href":"https:\/\/kindundspital.ch\/fr\/wp-json\/wp\/v2\/pages\/1395","targetHints":{"allow":["GET"]}}],"collection":[{"href":"https:\/\/kindundspital.ch\/fr\/wp-json\/wp\/v2\/pages"}],"about":[{"href":"https:\/\/kindundspital.ch\/fr\/wp-json\/wp\/v2\/types\/page"}],"author":[{"embeddable":true,"href":"https:\/\/kindundspital.ch\/fr\/wp-json\/wp\/v2\/users\/1"}],"replies":[{"embeddable":true,"href":"https:\/\/kindundspital.ch\/fr\/wp-json\/wp\/v2\/comments?post=1395"}],"version-history":[{"count":2,"href":"https:\/\/kindundspital.ch\/fr\/wp-json\/wp\/v2\/pages\/1395\/revisions"}],"predecessor-version":[{"id":1494,"href":"https:\/\/kindundspital.ch\/fr\/wp-json\/wp\/v2\/pages\/1395\/revisions\/1494"}],"wp:attachment":[{"href":"https:\/\/kindundspital.ch\/fr\/wp-json\/wp\/v2\/media?parent=1395"}],"curies":[{"name":"wp","href":"https:\/\/api.w.org\/{rel}","templated":true}]}}

Mentions légales

<p>Enfant+Hôpital &#8211; Association pour les droits des enfants et des adolescents dans le domaine de la santé<br/>Secrétariat<br/>Steinhauserstrasse 51<br/>6300 Zoug</p>

<p>T +41 78 214 17 46<br/><a href="https://www.kindundspital.ch/impressum?mailto=aW5mb0BraW5kdW5kc3BpdGFsLmNo">info@kindundspital.ch</a></p>

<p>Enfant+Hôpital &#8211; Association pour les droits des enfants et des adolescents dans le domaine de la santéSecrétariatSteinhauserstrasse 516300 Zoug T +41 78 214 17 46info@kindundspital.ch</p>
